 l(v) = -v**2 - 15*v + 14. Give l(6).
-112
Let j(a) = -a**3 - a**2 + 106*a - 3. Give j(0).
-3
Let h(n) = 30*n**3 - 59*n**2 - 4*n + 5. Determine h(2).
1
Let w(f) = f**3 - 3*f**2 - 655*f + 185. Determine w(27).
-4
Let y(c) = 3*c + 44. Calculate y(28).
128
Let q(o) = -2*o + 170. Determine q(37).
96
Let h(n) = n + 85. Determine h(13).
98
Let l(j) = -184*j - 2039. Determine l(-11).
-15
Let g(j) = j**2 - 3*j - 11. Calculate g(-8).
77
Let b(a) = -26*a - 220. What is b(-7)?
-38
Let t(j) = -j**3 - 85*j**2 + 176*j + 181. Give t(-87).
7
Let o(p) = -29*p**2 - 2427*p + 793. Give o(-84).
37
Let n(z) = 62*z + 78. What is n(-6)?
-294
Let q(n) = -17*n**3 - 37*n**2 + 48*n + 1. Give q(1).
-5
Let p(n) = 4*n**2 - 25*n - 3. What is p(4)?
-39
Let c(i) = 37*i - 173. What is c(6)?
49
Let g(j) = -j**3 - 27*j**2 - 148*j + 65. Calculate g(-19).
-11
Let v(h) = 2*h**3 + 29*h**2 - 251. Calculate v(-14).
-55
Let p(j) = 35185*j + 211113. Determine p(-6).
3
Let x(u) = -11*u**2 - 32*u + 89. Give x(3).
-106
Let s(m) = -12*m**3 + 67*m**2 + 21*m + 41. Give s(6).
-13
Let f(h) = 19*h**2 + 68*h. Determine f(-5).
135
Let w(l) = l**3 + 16*l**2 + 17*l - 19. Calculate w(-15).
-49
Let c(v) = -3*v**3 - 48*v**2 - 71*v + 595. Calculate c(-13).
-3
Let u(g) = -g**3 - 6*g + 15. Give u(6).
-237
Let h(f) = f**3 - 44*f**2 + 297*f - 285. What is h(36)?
39
Let d(c) = c**3 - 61*c**2 - 572*c - 163. Give d(-8).
-3
Let g(k) = -19*k**2 + 4*k - 2. Determine g(-2).
-86
Let y(h) = h**2 - 183*h + 567. Give y(3).
27
Let v(z) = 8*z**2 + 20*z + 59. Give v(-6).
227
Let l(t) = 12*t**2 - 56*t + 240. What is l(10)?
880
Let m(k) = -68*k + 134. Give m(2).
-2
Let t(r) = -2*r**3 - 25*r**2 - 50*r + 9. What is t(-10)?
9
Let w(c) = 48*c + 301. Give w(-7).
-35
Let w(a) = 7*a**2 - 615*a - 698. What is w(89)?
14
Let a(j) = 2*j**3 + 200*j**2 - 198*j - 47. What is a(-101)?
-451
Let p(k) = -4*k**3 + 8*k**2 - 3*k + 1. Calculate p(2).
-5
Let h(v) = -v**2 + 16*v + 413. Determine h(30).
-7
Let a(b) = 779*b + 3111. What is a(-4)?
-5
Let n(r) = 115*r - 12881. Calculate n(112).
-1
Let k(j) = 7*j + 334. Give k(0).
334
Let w(k) = -1783*k - 40962. Calculate w(-23).
47
Let g(u) = -2*u**3 - 2*u**2 - 44*u - 152. Calculate g(-3).
16
Let u(x) = -12*x + 155. What is u(12)?
11
Let q(p) = 916*p + 4579. Calculate q(-5).
-1
Let s(c) = 2*c**3 - 144*c**2 - 289*c + 4. What is s(-2)?
-10
Let f(d) = -2*d**3 + d**2 + 32*d + 2. Determine f(-4).
18
Let m(f) = -201*f - 4219. Calculate m(-21).
2
Let j(v) = 2*v**2 - 1841*v + 20013. Determine j(11).
4
Let f(c) = 36*c - 47. What is f(2)?
25
Let z(v) = 7*v**3 - 58*v**2 + 11*v + 17. Calculate z(8).
-23
Let k(x) = -50*x + 9. Give k(-5).
259
Let u(r) = r**3 + 64*r**2 + 52*r - 550. Give u(-63).
143
Let m(q) = -2*q**2 - 63*q + 41. What is m(6)?
-409
Let l(j) = -j**2 - 822*j - 10507. What is l(-13)?
10
Let j(d) = d**2 - 316*d - 4616. Determine j(-14).
4
Let t(b) = b**3 + 86*b**2 - 176*b + 69. Calculate t(-88).
69
Let o(q) = q**3 + 114*q**2 - 605*q + 56. Give o(5).
6
Let x(v) = v**3 - 21*v**2 + 104*v - 23. What is x(7)?
19
Let n(q) = -4*q**3 - 161*q**2 - 184*q + 420. Determine n(-39).
-9
Let o(q) = 4*q**2 - 65*q + 167. Calculate o(12).
-37
Let d(p) = -p**3 - 59*p**2 - 121*p - 392. What is d(-57)?
7
Let w(a) = a**2 - 4*a + 5. Give w(4).
5
Let q(s) = -s**2 - 57*s - 347. Give q(-7).
3
Let x(n) = -n**2 - 34*n - 115. Calculate x(-30).
5
Let n(z) = -z**3 + 35*z**2 + 53. Give n(35).
53
Let r(o) = 154*o**2 + 4*o - 3. Calculate r(1).
155
Let h(x) = 9*x + 186. Calculate h(-18).
24
Let g(t) = -t**3 + 11*t**2 - 12*t - 31. Give g(9).
23
Let d(m) = m**2 + 34*m - 185. Determine d(-39).
10
Let f(n) = 50*n + 1151. What is f(-23)?
1
Let k(x) = -3*x**3 - 35*x**2 - 33*x - 516. Determine k(-12).
24
Let i(n) = n**2 + 190*n + 8487. Calculate i(-118).
-9
Let y(l) = 2*l**2 + 14*l + 66. Calculate y(-5).
46
Let a(c) = -74*c**2 - 282*c - 185. Give a(-3).
-5
Let x(r) = r + 3. Calculate x(-26).
-23
Let y(l) = -2*l**3 + 53*l**2 + 24*l + 36. Determine y(27).
-45
Let q(j) = -69*j + 905. Give q(13).
8
Let n(l) = l**3 + l**2 - 55*l - 35. Determine n(-8).
-43
Let d(q) = 26*q + 1623. What is d(-62)?
11
Let n(v) = 2*v**2 + 40*v - 847. What is n(13)?
11
Let u(c) = c**3 - 31*c**2 + 114*c - 6. Determine u(27).
156
Let a(t) = -t**3 + 11*t**2 + 283*t - 3253. Give a(12).
-1
Let t(k) = k**3 + 19*k**2 + 3*k - 20. Determine t(0).
-20
Let g(k) = k**2 + 47*k - 1010. Give g(16).
-2
Let j(a) = -3*a**2 - 2*a. What is j(-1)?
-1
Let y(l) = -2*l**3 - 2*l**2 + 4*l + 5. What is y(3)?
-55
Let p(h) = 3*h**2 + 272*h + 1318. Give p(-5).
33
Let f(n) = 19*n**3 + 6*n**2 + 10*n + 4. What is f(-1)?
-19
Let w(r) = 13*r - 16. Give w(2).
10
Let n(a) = 3355*a + 6696. Give n(-2).
-14
Let l(s) = -4*s**3 - 58*s**2 - 187*s + 14. Give l(-5).
-1
Let f(y) = 36*y + 81. What is f(2)?
153
Let a(r) = r**2 + 55*r - 560. What is a(-63)?
-56
Let x(g) = 21*g**2 + 33*g - 32. Determine x(1).
22
Let o(u) = -2*u**3 - 11*u**2 + 30*u + 143. Calculate o(-4).
-25
Let z(u) = 89*u + 20284. Calculate z(-228).
-8
Let v(y) = -y**3 + 57*y**2 + 452*y - 47. Determine v(64).
209
Let p(j) = 5*j**2 + 185*j + 17. Determine p(-37).
17
Let f(y) = -213*y + 37906. Calculate f(178).
-8
Let r(s) = -12*s - 186. What is r(-13)?
-30
Let j(y) = -44*y + 2198. Determine j(50).
-2
Let c(f) = -f**3 + 7*f**2 - 21*f + 92. Determine c(7).
-55
Let f(j) = 2099*j - 2122. Give f(1).
-23
Let z(k) = k**2 - 56*k + 280. Calculate z(45).
-215
Let u(w) = 6*w**2 + 193*w + 213. What is u(-31)?
-4
Let d(a) = 3*a**3 - 3*a**2 - 13*a + 64. Give d(4).
156
Let p(i) = 2*i**2 - 261*i - 664. Determine p(133).
1
Let k(d) = d**3 + 9*d**2 - 35*d - 127. Determine k(-11).
16
Let h(s) = -11*s + 126. What is h(8)?
38
Let h(p) = p**3 - 72*p**2 - 319*p + 45. Give h(76).
-1095
Let h(u) = -2*u**2 - 231*u - 2731. Determine h(-102).
23
Let w(q) = -264*q - 4084. Calculate w(-15).
-124
Let h(q) = 1389*q + 61110. Give h(-44).
-6
Let u(b) = -25*b - 316. Calculate u(-21).
209
Let t(n) = -2*n**3 - 149*n**2 - 71*n + 242. Calculate t(-74).
20
Let k(u) = 181*u - 2000. What is k(11)?
-9
Let r(s) = -10*s + 50. Calculate r(18).
-130
Let p(h) = h**3 + 29*h**2 + 52*h - 13. Calculate p(-27).
41
Let y(o) = -3249*o + 6491. Calculate y(2).
-7
Let q(l) = -l**2 - 18*l + 123. Determine q(6).
-21
Let a(u) = -u**2 + 14*u + 407. Determine a(-14).
15
Let y(b) = 327*b + 15691. Determine y(-48).
-5
Let k(f) = -57*f - 577. Calculate k(-11).
50
Let h(f) = 2*f**2 - 402*f + 3083. Give h(193).
-5
Let l(n) = 46*n - 774. Calculate l(17).
8
Let m(w) = 29*w + 535. What is m(-21)?
-74
Let h(w) = -w**3 + 17*w**2 - 243*w + 3176. Give h(15).
-19
Let y(v) = v**2 - 30*v + 123. Determine y(37).
382
Let r(p) = -161*p + 10001. What is r(62)?
19
Let m(o) = o**3 - 11*o**2 + 30*o - 42. Give m(8).
6
Let q(a) = 3*a**2 + 63*a - 279. What is q(4)?
21
Let r(m) = -14*m - 32. Calculate r(3).
-74
Let s(u) = -29*u - 27. Determine s(-4).
89
Let f(y) = -y**2 + 38*y + 137. Determine f(37).
174
Let s(f) = -141*f + 16644. Calculate s(118).
6
Let d(m) = 5*m**2 - 351*m + 64. What is d(70)?
-6
Let k(u) = 122*u**3 + 1101*u**2 + 24*u - 24. Give k(-9).
3
Let c(q) = 7*q**3 + 99*q**2 + 4*q - 132. Determine c(-14).
8
Let j(o) = 5*o**2 + 845*o - 23147. Give j(24).
13
Let h(w) = -9*w**3 - 4*w**2 - 1091*w + 1095. Give h(1).
-9
Let o(x) = -x**2 - 72*x - 1277. Determine o(-33).
10
Let a(k) = -k**3 + 25*k**2 - 57*k - 197. Calculate a(22).
1
Let d(o) = 2*o**2 + 320*o + 2483. Determine d(-8).
51
Let n(p) = -p**2 - 5*p + 8909. What is n(92)?
-15
Let h(y) = -314*y + 932. Determine h(3).
-10
Let a(q) = -5*q**2 - 75*q - 207. Give a(-4).
13
Let f(t) = t**2 + 46*t - 368. Give f(-52).
-56
Let k(w) = -9*w**2 + 440*w + 120. Give k(49).
71
Let i(d) = -637*d + 4449. What is i(7)?
-10
Let h(v) = -v**2 + 317*v + 968. Calculate h(-3).
8
Let t(c) = 13*c + 447. Give t(-30).
57
Let z(r) = -12*r**3 + 3*r**2 + 3*r - 4. Give z(-3).
338
Let y(z) = -2*z**2 + 26*z + 4062. Calculate y(52).
6
Let a(y) = -46*y - 438. Determine a(-10).
22
Let u(l) = -101*l - 183. Determine u(-2).
19
Let k(w) = 25*w**3 - 2*w**2 - 6*w - 3. Give k(-2).
-199
Let a(r) = -2*r**3 + 11*r**2 - 13*r + 9. Give a(5).
-31
Let x(c) = -359*c + 1441. Give x(4).
5
Let z(n) = -2*n**2 + 59*n + 622. Give z(-8).
22
Let m(j) = 82*j + 2979. What is m(-36)?
27
Let n(k) = -126*k - 4912. Determine n(-39).
2
Let 